{"id":79,"date":"2023-01-18T18:33:12","date_gmt":"2023-01-18T17:33:12","guid":{"rendered":"https:\/\/jaimegem.fr\/?page_id=79"},"modified":"2023-09-10T22:07:28","modified_gmt":"2023-09-10T20:07:28","slug":"page-daccueil","status":"publish","type":"page","link":"https:\/\/jaimegem.fr\/","title":{"rendered":"Page d\u2019accueil"},"content":{"rendered":"\n<div class=\"wp-block-cover alignfull\" style=\"min-height:450px;aspect-ratio:unset;\"><span aria-hidden=\"true\" class=\"wp-block-cover__background has-background-dim-80 has-background-dim wp-block-cover__gradient-background has-background-gradient\" style=\"background:linear-gradient(135deg,rgb(68,68,68) 0%,rgb(15,58,139) 100%)\"><\/span><img loading=\"lazy\" decoding=\"async\" width=\"1920\" height=\"1080\" class=\"wp-block-cover__image-background wp-image-190\" alt=\"\" src=\"http:\/\/jaimegem.fr\/wp-content\/uploads\/2023\/03\/noir-5.png\" style=\"object-position:57% 61%\" data-object-fit=\"cover\" data-object-position=\"57% 61%\" srcset=\"https:\/\/jaimegem.fr\/wp-content\/uploads\/2023\/03\/noir-5.png 1920w, https:\/\/jaimegem.fr\/wp-content\/uploads\/2023\/03\/noir-5-300x169.png 300w, https:\/\/jaimegem.fr\/wp-content\/uploads\/2023\/03\/noir-5-1024x576.png 1024w, https:\/\/jaimegem.fr\/wp-content\/uploads\/2023\/03\/noir-5-768x432.png 768w, https:\/\/jaimegem.fr\/wp-content\/uploads\/2023\/03\/noir-5-1536x864.png 1536w, https:\/\/jaimegem.fr\/wp-content\/uploads\/2023\/03\/noir-5-416x234.png 416w\" sizes=\"auto, (max-width: 1920px) 100vw, 1920px\" \/><div class=\"wp-block-cover__inner-container is-layout-flow wp-block-cover-is-layout-flow\">\n<h1 class=\"wp-block-heading has-text-align-center caudex margin-h1 has-white-color has-text-color has-large-font-size\">Bienvenue sur la boutique en ligne J\u2019aime Gem !<\/h1>\n\n\n\n<p class=\"has-text-align-center has-white-color has-text-color\">Passionn\u00e9 depuis toujours par les min\u00e9raux,  je suis fier de vous proposer <strong>des bijoux uniques et de qualit\u00e9<\/strong>, con\u00e7us avec de v\u00e9ritables gemmes. Chaque pi\u00e8ce est enti\u00e8rement <strong>r\u00e9alis\u00e9e \u00e0 la main avec soin<\/strong> et cr\u00e9ativit\u00e9. Les min\u00e9raux viennent du monde entier. Lorsqu&rsquo;il s&rsquo;agit de perles facett\u00e9es, elles  sont taill\u00e9es \u00e0 la main  ce qui peut expliquer certaines irr\u00e9gularit\u00e9s minimales<\/p>\n\n\n\n<p class=\"has-text-align-center has-white-color has-text-color\"><\/p>\n\n\n\n<div class=\"wp-block-buttons is-content-justification-center is-layout-flex wp-container-core-buttons-is-layout-16018d1d wp-block-buttons-is-layout-flex\">\n<div class=\"wp-block-button margin-bouton invert-hover-white is-style-outline is-style-outline--1\"><a class=\"wp-block-button__link wp-element-button\" href=\"https:\/\/jaimegem.fr\/?page_id=6\" style=\"border-radius:15px\">Voir la boutique<\/a><\/div>\n<\/div>\n<\/div><\/div>\n\n\n\n<h2 class=\"wp-block-heading has-text-align-left caudex margin-titre\">Des bijoux pour tous les go\u00fbts<\/h2>\n\n\n\n<p>La gamme de produits comprend <strong>des<\/strong> <strong>bracelets<\/strong> de 19 \u00e0 21 cm de long sont \u00e9galement mont\u00e9s sur un \u00e9lastique. L<strong>es<\/strong> <strong>boucles d&rsquo;oreille<\/strong> sont r\u00e9alis\u00e9es sur une tige d&rsquo;argent (ou fil de nylon) avec  6 \u00e0 7 cm de pierres et  anneau en argent de 1 \u00e0 1.5 cm.<strong> Les colliers<\/strong> de 30 \u00e0 50 cm  et une cat\u00e9gorie \u00ab\u00a0divers\u00a0\u00bb qui regroupe d\u2019autres produits . Que vous soyez \u00e0 la recherche d&rsquo;un accessoire \u00e9l\u00e9gant pour compl\u00e9ter votre tenue ou d&rsquo;un cadeau, vous trouverez assur\u00e9ment ce que vous cherchez parmi les cr\u00e9ations propos\u00e9es.<\/p>\n\n\n\n<div class=\"wp-block-buttons is-layout-flex wp-block-buttons-is-layout-flex\">\n<div class=\"wp-block-button is-style-outline margin-bouton invert-hover-black is-style-outline--2\"><a class=\"wp-block-button__link wp-element-button\" href=\"https:\/\/jaimegem.fr\/?page_id=6\" style=\"border-radius:15px\">D\u00e9couvrir les produits<\/a><\/div>\n<\/div>\n\n\n\n<div class=\"wp-block-jetpack-slideshow aligncenter round-it\" data-autoplay=\"true\" data-delay=\"5\" data-effect=\"fade\"><div class=\"wp-block-jetpack-slideshow_container swiper-container\"><ul class=\"wp-block-jetpack-slideshow_swiper-wrapper swiper-wrapper\"><li class=\"wp-block-jetpack-slideshow_slide swiper-slide\"><figure><img loading=\"lazy\" decoding=\"async\" width=\"1920\" height=\"1080\" alt=\"\" class=\"wp-block-jetpack-slideshow_image wp-image-187\" data-id=\"187\" src=\"https:\/\/jaimegem.fr\/wp-content\/uploads\/2023\/03\/noir-2.png\" srcset=\"https:\/\/jaimegem.fr\/wp-content\/uploads\/2023\/03\/noir-2.png 1920w, https:\/\/jaimegem.fr\/wp-content\/uploads\/2023\/03\/noir-2-300x169.png 300w, https:\/\/jaimegem.fr\/wp-content\/uploads\/2023\/03\/noir-2-1024x576.png 1024w, https:\/\/jaimegem.fr\/wp-content\/uploads\/2023\/03\/noir-2-768x432.png 768w, https:\/\/jaimegem.fr\/wp-content\/uploads\/2023\/03\/noir-2-1536x864.png 1536w, https:\/\/jaimegem.fr\/wp-content\/uploads\/2023\/03\/noir-2-416x234.png 416w\" sizes=\"auto, (max-width: 1920px) 100vw, 1920px\" \/><\/figure><\/li><li class=\"wp-block-jetpack-slideshow_slide swiper-slide\"><figure><img loading=\"lazy\" decoding=\"async\" width=\"1920\" height=\"1080\" alt=\"\" class=\"wp-block-jetpack-slideshow_image wp-image-180\" data-id=\"180\" src=\"https:\/\/jaimegem.fr\/wp-content\/uploads\/2023\/03\/coupelle.png\" srcset=\"https:\/\/jaimegem.fr\/wp-content\/uploads\/2023\/03\/coupelle.png 1920w, https:\/\/jaimegem.fr\/wp-content\/uploads\/2023\/03\/coupelle-300x169.png 300w, https:\/\/jaimegem.fr\/wp-content\/uploads\/2023\/03\/coupelle-1024x576.png 1024w, https:\/\/jaimegem.fr\/wp-content\/uploads\/2023\/03\/coupelle-768x432.png 768w, https:\/\/jaimegem.fr\/wp-content\/uploads\/2023\/03\/coupelle-1536x864.png 1536w, https:\/\/jaimegem.fr\/wp-content\/uploads\/2023\/03\/coupelle-416x234.png 416w\" sizes=\"auto, (max-width: 1920px) 100vw, 1920px\" \/><\/figure><\/li><li class=\"wp-block-jetpack-slideshow_slide swiper-slide\"><figure><img loading=\"lazy\" decoding=\"async\" width=\"1920\" height=\"1080\" alt=\"\" class=\"wp-block-jetpack-slideshow_image wp-image-184\" data-id=\"184\" src=\"https:\/\/jaimegem.fr\/wp-content\/uploads\/2023\/03\/main-3.png\" srcset=\"https:\/\/jaimegem.fr\/wp-content\/uploads\/2023\/03\/main-3.png 1920w, https:\/\/jaimegem.fr\/wp-content\/uploads\/2023\/03\/main-3-300x169.png 300w, https:\/\/jaimegem.fr\/wp-content\/uploads\/2023\/03\/main-3-1024x576.png 1024w, https:\/\/jaimegem.fr\/wp-content\/uploads\/2023\/03\/main-3-768x432.png 768w, https:\/\/jaimegem.fr\/wp-content\/uploads\/2023\/03\/main-3-1536x864.png 1536w, https:\/\/jaimegem.fr\/wp-content\/uploads\/2023\/03\/main-3-416x234.png 416w\" sizes=\"auto, (max-width: 1920px) 100vw, 1920px\" \/><\/figure><\/li><li class=\"wp-block-jetpack-slideshow_slide swiper-slide\"><figure><img loading=\"lazy\" decoding=\"async\" width=\"1920\" height=\"1080\" alt=\"\" class=\"wp-block-jetpack-slideshow_image wp-image-170\" data-id=\"170\" src=\"https:\/\/jaimegem.fr\/wp-content\/uploads\/2023\/03\/bleu-vert.png\" srcset=\"https:\/\/jaimegem.fr\/wp-content\/uploads\/2023\/03\/bleu-vert.png 1920w, https:\/\/jaimegem.fr\/wp-content\/uploads\/2023\/03\/bleu-vert-300x169.png 300w, https:\/\/jaimegem.fr\/wp-content\/uploads\/2023\/03\/bleu-vert-1024x576.png 1024w, https:\/\/jaimegem.fr\/wp-content\/uploads\/2023\/03\/bleu-vert-768x432.png 768w, https:\/\/jaimegem.fr\/wp-content\/uploads\/2023\/03\/bleu-vert-1536x864.png 1536w, https:\/\/jaimegem.fr\/wp-content\/uploads\/2023\/03\/bleu-vert-416x234.png 416w\" sizes=\"auto, (max-width: 1920px) 100vw, 1920px\" \/><\/figure><\/li><li class=\"wp-block-jetpack-slideshow_slide swiper-slide\"><figure><img loading=\"lazy\" decoding=\"async\" width=\"1920\" height=\"1080\" alt=\"\" class=\"wp-block-jetpack-slideshow_image wp-image-200\" data-id=\"200\" src=\"https:\/\/jaimegem.fr\/wp-content\/uploads\/2023\/03\/vert-2.png\" srcset=\"https:\/\/jaimegem.fr\/wp-content\/uploads\/2023\/03\/vert-2.png 1920w, https:\/\/jaimegem.fr\/wp-content\/uploads\/2023\/03\/vert-2-300x169.png 300w, https:\/\/jaimegem.fr\/wp-content\/uploads\/2023\/03\/vert-2-1024x576.png 1024w, https:\/\/jaimegem.fr\/wp-content\/uploads\/2023\/03\/vert-2-768x432.png 768w, https:\/\/jaimegem.fr\/wp-content\/uploads\/2023\/03\/vert-2-1536x864.png 1536w, https:\/\/jaimegem.fr\/wp-content\/uploads\/2023\/03\/vert-2-416x234.png 416w\" sizes=\"auto, (max-width: 1920px) 100vw, 1920px\" \/><\/figure><\/li><li class=\"wp-block-jetpack-slideshow_slide swiper-slide\"><figure><img loading=\"lazy\" decoding=\"async\" width=\"1920\" height=\"1080\" alt=\"\" class=\"wp-block-jetpack-slideshow_image wp-image-177\" data-id=\"177\" src=\"https:\/\/jaimegem.fr\/wp-content\/uploads\/2023\/03\/collier-2.png\" srcset=\"https:\/\/jaimegem.fr\/wp-content\/uploads\/2023\/03\/collier-2.png 1920w, https:\/\/jaimegem.fr\/wp-content\/uploads\/2023\/03\/collier-2-300x169.png 300w, https:\/\/jaimegem.fr\/wp-content\/uploads\/2023\/03\/collier-2-1024x576.png 1024w, https:\/\/jaimegem.fr\/wp-content\/uploads\/2023\/03\/collier-2-768x432.png 768w, https:\/\/jaimegem.fr\/wp-content\/uploads\/2023\/03\/collier-2-1536x864.png 1536w, https:\/\/jaimegem.fr\/wp-content\/uploads\/2023\/03\/collier-2-416x234.png 416w\" sizes=\"auto, (max-width: 1920px) 100vw, 1920px\" \/><\/figure><\/li><li class=\"wp-block-jetpack-slideshow_slide swiper-slide\"><figure><img loading=\"lazy\" decoding=\"async\" width=\"1920\" height=\"1080\" alt=\"\" class=\"wp-block-jetpack-slideshow_image wp-image-192\" data-id=\"192\" src=\"https:\/\/jaimegem.fr\/wp-content\/uploads\/2023\/03\/pele-mele-2.png\" srcset=\"https:\/\/jaimegem.fr\/wp-content\/uploads\/2023\/03\/pele-mele-2.png 1920w, https:\/\/jaimegem.fr\/wp-content\/uploads\/2023\/03\/pele-mele-2-300x169.png 300w, https:\/\/jaimegem.fr\/wp-content\/uploads\/2023\/03\/pele-mele-2-1024x576.png 1024w, https:\/\/jaimegem.fr\/wp-content\/uploads\/2023\/03\/pele-mele-2-768x432.png 768w, https:\/\/jaimegem.fr\/wp-content\/uploads\/2023\/03\/pele-mele-2-1536x864.png 1536w, https:\/\/jaimegem.fr\/wp-content\/uploads\/2023\/03\/pele-mele-2-416x234.png 416w\" sizes=\"auto, (max-width: 1920px) 100vw, 1920px\" \/><\/figure><\/li><li class=\"wp-block-jetpack-slideshow_slide swiper-slide\"><figure><img loading=\"lazy\" decoding=\"async\" width=\"1920\" height=\"1080\" alt=\"\" class=\"wp-block-jetpack-slideshow_image wp-image-199\" data-id=\"199\" src=\"https:\/\/jaimegem.fr\/wp-content\/uploads\/2023\/03\/vert.png\" srcset=\"https:\/\/jaimegem.fr\/wp-content\/uploads\/2023\/03\/vert.png 1920w, https:\/\/jaimegem.fr\/wp-content\/uploads\/2023\/03\/vert-300x169.png 300w, https:\/\/jaimegem.fr\/wp-content\/uploads\/2023\/03\/vert-1024x576.png 1024w, https:\/\/jaimegem.fr\/wp-content\/uploads\/2023\/03\/vert-768x432.png 768w, https:\/\/jaimegem.fr\/wp-content\/uploads\/2023\/03\/vert-1536x864.png 1536w, https:\/\/jaimegem.fr\/wp-content\/uploads\/2023\/03\/vert-416x234.png 416w\" sizes=\"auto, (max-width: 1920px) 100vw, 1920px\" \/><\/figure><\/li><li class=\"wp-block-jetpack-slideshow_slide swiper-slide\"><figure><img loading=\"lazy\" decoding=\"async\" width=\"1920\" height=\"1080\" alt=\"\" class=\"wp-block-jetpack-slideshow_image wp-image-195\" data-id=\"195\" src=\"https:\/\/jaimegem.fr\/wp-content\/uploads\/2023\/03\/rose-2.png\" srcset=\"https:\/\/jaimegem.fr\/wp-content\/uploads\/2023\/03\/rose-2.png 1920w, https:\/\/jaimegem.fr\/wp-content\/uploads\/2023\/03\/rose-2-300x169.png 300w, https:\/\/jaimegem.fr\/wp-content\/uploads\/2023\/03\/rose-2-1024x576.png 1024w, https:\/\/jaimegem.fr\/wp-content\/uploads\/2023\/03\/rose-2-768x432.png 768w, https:\/\/jaimegem.fr\/wp-content\/uploads\/2023\/03\/rose-2-1536x864.png 1536w, https:\/\/jaimegem.fr\/wp-content\/uploads\/2023\/03\/rose-2-416x234.png 416w\" sizes=\"auto, (max-width: 1920px) 100vw, 1920px\" \/><\/figure><\/li><\/ul><a class=\"wp-block-jetpack-slideshow_button-prev swiper-button-prev swiper-button-white\" role=\"button\"><\/a><a class=\"wp-block-jetpack-slideshow_button-next swiper-button-next swiper-button-white\" role=\"button\"><\/a><a aria-label=\"Pause Slideshow\" class=\"wp-block-jetpack-slideshow_button-pause\" role=\"button\"><\/a><div class=\"wp-block-jetpack-slideshow_pagination swiper-pagination swiper-pagination-white\"><\/div><\/div><\/div>\n\n\n\n<h2 class=\"wp-block-heading has-text-align-center caudex margin-titre\">Cat\u00e9gories de bijoux<\/h2>\n\n\n<div class=\"woocommerce columns-4\"><ul class=\"products columns-4\">\n<li class=\"product-category product first\">\n\t<a href=\"https:\/\/jaimegem.fr\/?product_cat=bracelets\"><img loading=\"lazy\" decoding=\"async\" src=\"https:\/\/jaimegem.fr\/wp-content\/uploads\/2023\/03\/categories-jj-bracelet-324x324.png\" alt=\"Bracelets\" width=\"324\" height=\"324\" srcset=\"https:\/\/jaimegem.fr\/wp-content\/uploads\/2023\/03\/categories-jj-bracelet-324x324.png 324w, https:\/\/jaimegem.fr\/wp-content\/uploads\/2023\/03\/categories-jj-bracelet-300x300.png 300w, https:\/\/jaimegem.fr\/wp-content\/uploads\/2023\/03\/categories-jj-bracelet-150x150.png 150w, https:\/\/jaimegem.fr\/wp-content\/uploads\/2023\/03\/categories-jj-bracelet-416x416.png 416w, https:\/\/jaimegem.fr\/wp-content\/uploads\/2023\/03\/categories-jj-bracelet-100x100.png 100w, https:\/\/jaimegem.fr\/wp-content\/uploads\/2023\/03\/categories-jj-bracelet.png 500w\" sizes=\"auto, (max-width: 324px) 100vw, 324px\" \/>\t\t<h2 class=\"woocommerce-loop-category__title\">\n\t\t\tBracelets <mark class=\"count\">(22)<\/mark>\t\t<\/h2>\n\t\t<\/a><\/li>\n<li class=\"product-category product\">\n\t<a href=\"https:\/\/jaimegem.fr\/?product_cat=colliers\"><img loading=\"lazy\" decoding=\"async\" src=\"https:\/\/jaimegem.fr\/wp-content\/uploads\/2023\/03\/categories-jj-collier-324x324.png\" alt=\"Colliers\" width=\"324\" height=\"324\" srcset=\"https:\/\/jaimegem.fr\/wp-content\/uploads\/2023\/03\/categories-jj-collier-324x324.png 324w, https:\/\/jaimegem.fr\/wp-content\/uploads\/2023\/03\/categories-jj-collier-300x300.png 300w, https:\/\/jaimegem.fr\/wp-content\/uploads\/2023\/03\/categories-jj-collier-150x150.png 150w, https:\/\/jaimegem.fr\/wp-content\/uploads\/2023\/03\/categories-jj-collier-416x416.png 416w, https:\/\/jaimegem.fr\/wp-content\/uploads\/2023\/03\/categories-jj-collier-100x100.png 100w, https:\/\/jaimegem.fr\/wp-content\/uploads\/2023\/03\/categories-jj-collier.png 500w\" sizes=\"auto, (max-width: 324px) 100vw, 324px\" \/>\t\t<h2 class=\"woocommerce-loop-category__title\">\n\t\t\tColliers <mark class=\"count\">(6)<\/mark>\t\t<\/h2>\n\t\t<\/a><\/li>\n<li class=\"product-category product\">\n\t<a href=\"https:\/\/jaimegem.fr\/?product_cat=boucles-doreille\"><img loading=\"lazy\" decoding=\"async\" src=\"https:\/\/jaimegem.fr\/wp-content\/uploads\/2023\/03\/categories-jj-boucle-324x324.png\" alt=\"Boucles d&#039;oreille\" width=\"324\" height=\"324\" srcset=\"https:\/\/jaimegem.fr\/wp-content\/uploads\/2023\/03\/categories-jj-boucle-324x324.png 324w, https:\/\/jaimegem.fr\/wp-content\/uploads\/2023\/03\/categories-jj-boucle-300x300.png 300w, https:\/\/jaimegem.fr\/wp-content\/uploads\/2023\/03\/categories-jj-boucle-150x150.png 150w, https:\/\/jaimegem.fr\/wp-content\/uploads\/2023\/03\/categories-jj-boucle-416x416.png 416w, https:\/\/jaimegem.fr\/wp-content\/uploads\/2023\/03\/categories-jj-boucle-100x100.png 100w, https:\/\/jaimegem.fr\/wp-content\/uploads\/2023\/03\/categories-jj-boucle.png 500w\" sizes=\"auto, (max-width: 324px) 100vw, 324px\" \/>\t\t<h2 class=\"woocommerce-loop-category__title\">\n\t\t\tBoucles d&#039;oreille <mark class=\"count\">(8)<\/mark>\t\t<\/h2>\n\t\t<\/a><\/li>\n<\/ul>\n<\/div>\n\n\n<div class=\"wp-block-image margin-separateur\">\n<figure class=\"aligncenter size-full is-resized\"><img loading=\"lazy\" decoding=\"async\" src=\"https:\/\/jaimegem.fr\/wp-content\/uploads\/2023\/03\/separateur-jj.png\" alt=\"\" class=\"wp-image-365\" style=\"width:140px;height:35px\" width=\"140\" height=\"35\"\/><\/figure>\n<\/div>\n\n\n<h2 class=\"wp-block-heading caudex margin-titre\">Un travail personnalis\u00e9 et de qualit\u00e9<\/h2>\n\n\n\n<p>Je tiens \u00e0 garantir la satisfaction de mes clients en proposant <strong>des produits de qualit\u00e9 <\/strong>, fabriqu\u00e9s \u00e0 la main avec <strong>des mat\u00e9riaux durables et s\u00e9lectionn\u00e9s avec soin<\/strong>. J\u2019utilise pour cela quelques simples outils : ciseaux, pince \u00e0 bout plat, pince \u00e0 bout rond et cisaille.<\/p>\n\n\n\n<p>Les pierres sont en g\u00e9n\u00e9ral de 6 mm de diam\u00e8tre, et j\u2019utilise un \u00e9lastique de haute r\u00e9sistance afin que vous puissiez porter vos bijoux autant que vous le souhaitez. Les perles des boucles d&rsquo;oreilles et des colliers sont enfil\u00e9s soit sur un fil de nylon allant de 0.35 \u00e0 0.50MM, soit sur une tige d&rsquo;argent.<\/p>\n\n\n\n<p class=\"before-fixed\">Le n\u0153ud est cach\u00e9 dans un appr\u00eat en argent dont le titrage 925 (soit 92,5% d&rsquo;argent et 7.5% de cuivre) qui garantit<strong> l\u2019authenticit\u00e9 du m\u00e9tal<\/strong>, \u00e9vite de noircir trop rapidement et est g\u00e9n\u00e9ralement <strong>anti-allergique<\/strong>.<\/p>\n\n\n\n<div class=\"wp-block-cover alignfull has-parallax last-section\"><span aria-hidden=\"true\" class=\"wp-block-cover__background has-background-dim-80 has-background-dim wp-block-cover__gradient-background has-background-gradient\" style=\"background:linear-gradient(135deg,rgb(68,68,68) 0%,rgb(15,58,139) 100%)\"><\/span><div role=\"img\" class=\"wp-block-cover__image-background wp-image-216 has-parallax\" style=\"background-position:50% 50%;background-image:url(https:\/\/jaimegem.fr\/wp-content\/uploads\/2023\/03\/ronja-flucke-muMwgeSo31A-unsplash-scaled.jpg)\"><\/div><div class=\"wp-block-cover__inner-container is-layout-flow wp-block-cover-is-layout-flow\">\n<h2 class=\"wp-block-heading has-text-align-center caudex has-white-color has-text-color has-huge-font-size\">D\u00e9couvrez mes produits sans plus attendre !<\/h2>\n\n\n\n<p class=\"has-text-align-center\">Fier de mon savoir-faire artisanal, je mets un point d&rsquo;honneur \u00e0 offrir un service personnalis\u00e9 et attentif \u00e0 chaque client.<\/p>\n\n\n\n<p class=\"has-text-align-center\">Explorez la collection en ligne J\u2019aime Gem d\u00e8s maintenant et d\u00e9couvrez les bijoux qui feront votre bonheur. Commandez d\u00e8s aujourd&rsquo;hui et profitez d\u2019une livraison fiable et rapide.<\/p>\n\n\n\n<p class=\"has-text-align-center\">Pour toute question ou demande particuli\u00e8re, contactez-moi au 06 85 90 74 99 ou par mail \u00e0 contact@jaimegem.fr<\/p>\n\n\n\n<div class=\"wp-block-buttons is-layout-flex wp-block-buttons-is-layout-flex\">\n<div class=\"wp-block-button aligncenter is-style-outline margin-bouton invert-hover-white is-style-outline--3\"><a class=\"wp-block-button__link wp-element-button\" href=\"https:\/\/jaimegem.fr\/?page_id=6\" style=\"border-radius:15px\">Voir la boutique<\/a><\/div>\n<\/div>\n<\/div><\/div>\n","protected":false},"excerpt":{"rendered":"<p>Des bijoux pour tous les go\u00fbts La gamme de produits comprend des bracelets de 19 \u00e0 21 cm de long sont \u00e9galement mont\u00e9s sur un \u00e9lastique. Les boucles d&rsquo;oreille sont r\u00e9alis\u00e9es sur une tige d&rsquo;argent (ou fil de nylon) avec 6 \u00e0 7 cm de pierres et anneau en argent de 1 \u00e0 1.5 cm. [&hellip;]<\/p>\n","protected":false},"author":1,"featured_media":0,"parent":0,"menu_order":0,"comment_status":"closed","ping_status":"closed","template":"template-fullwidth.php","meta":{"footnotes":""},"class_list":["post-79","page","type-page","status-publish","hentry"],"yoast_head":"<!-- This site is optimized with the Yoast SEO plugin v19.14 - https:\/\/yoast.com\/wordpress\/plugins\/seo\/ -->\n<title>Page d\u2019accueil - J&#039;aime Gem&#039;<\/title>\n<meta name=\"robots\" content=\"index, follow, max-snippet:-1, max-image-preview:large, max-video-preview:-1\" \/>\n<link rel=\"canonical\" href=\"https:\/\/jaimegem.fr\/\" \/>\n<meta property=\"og:locale\" content=\"fr_FR\" \/>\n<meta property=\"og:type\" content=\"article\" \/>\n<meta property=\"og:title\" content=\"Page d\u2019accueil - J&#039;aime Gem&#039;\" \/>\n<meta property=\"og:description\" content=\"Des bijoux pour tous les go\u00fbts La gamme de produits comprend des bracelets de 19 \u00e0 21 cm de long sont \u00e9galement mont\u00e9s sur un \u00e9lastique. Les boucles d&rsquo;oreille sont r\u00e9alis\u00e9es sur une tige d&rsquo;argent (ou fil de nylon) avec 6 \u00e0 7 cm de pierres et anneau en argent de 1 \u00e0 1.5 cm. [&hellip;]\" \/>\n<meta property=\"og:url\" content=\"https:\/\/jaimegem.fr\/\" \/>\n<meta property=\"og:site_name\" content=\"J&#039;aime Gem&#039;\" \/>\n<meta property=\"article:modified_time\" content=\"2023-09-10T20:07:28+00:00\" \/>\n<meta property=\"og:image\" content=\"http:\/\/jaimegem.fr\/wp-content\/uploads\/2023\/03\/noir-5.png\" \/>\n<meta name=\"twitter:card\" content=\"summary_large_image\" \/>\n<meta name=\"twitter:label1\" content=\"Dur\u00e9e de lecture estim\u00e9e\" \/>\n\t<meta name=\"twitter:data1\" content=\"4 minutes\" \/>\n<script type=\"application\/ld+json\" class=\"yoast-schema-graph\">{\"@context\":\"https:\/\/schema.org\",\"@graph\":[{\"@type\":\"WebPage\",\"@id\":\"https:\/\/jaimegem.fr\/\",\"url\":\"https:\/\/jaimegem.fr\/\",\"name\":\"Page d\u2019accueil - J&#039;aime Gem&#039;\",\"isPartOf\":{\"@id\":\"https:\/\/jaimegem.fr\/#website\"},\"datePublished\":\"2023-01-18T17:33:12+00:00\",\"dateModified\":\"2023-09-10T20:07:28+00:00\",\"breadcrumb\":{\"@id\":\"https:\/\/jaimegem.fr\/#breadcrumb\"},\"inLanguage\":\"fr-FR\",\"potentialAction\":[{\"@type\":\"ReadAction\",\"target\":[\"https:\/\/jaimegem.fr\/\"]}]},{\"@type\":\"BreadcrumbList\",\"@id\":\"https:\/\/jaimegem.fr\/#breadcrumb\",\"itemListElement\":[{\"@type\":\"ListItem\",\"position\":1,\"name\":\"Accueil\",\"item\":\"https:\/\/jaimegem.fr\/\"},{\"@type\":\"ListItem\",\"position\":2,\"name\":\"Page d\u2019accueil\"}]},{\"@type\":\"WebSite\",\"@id\":\"https:\/\/jaimegem.fr\/#website\",\"url\":\"https:\/\/jaimegem.fr\/\",\"name\":\"J&#039;aime Gem&#039;\",\"description\":\"Par amour des pierres\",\"publisher\":{\"@id\":\"https:\/\/jaimegem.fr\/#organization\"},\"potentialAction\":[{\"@type\":\"SearchAction\",\"target\":{\"@type\":\"EntryPoint\",\"urlTemplate\":\"https:\/\/jaimegem.fr\/?s={search_term_string}\"},\"query-input\":\"required name=search_term_string\"}],\"inLanguage\":\"fr-FR\"},{\"@type\":\"Organization\",\"@id\":\"https:\/\/jaimegem.fr\/#organization\",\"name\":\"J&#039;aime Gem&#039;\",\"url\":\"https:\/\/jaimegem.fr\/\",\"logo\":{\"@type\":\"ImageObject\",\"inLanguage\":\"fr-FR\",\"@id\":\"https:\/\/jaimegem.fr\/#\/schema\/logo\/image\/\",\"url\":\"https:\/\/jaimegem.fr\/wp-content\/uploads\/2023\/04\/logo-jaimegem-header-2.png\",\"contentUrl\":\"https:\/\/jaimegem.fr\/wp-content\/uploads\/2023\/04\/logo-jaimegem-header-2.png\",\"width\":500,\"height\":129,\"caption\":\"J&#039;aime Gem&#039;\"},\"image\":{\"@id\":\"https:\/\/jaimegem.fr\/#\/schema\/logo\/image\/\"}}]}<\/script>\n<!-- \/ Yoast SEO plugin. -->","yoast_head_json":{"title":"Page d\u2019accueil - J&#039;aime Gem&#039;","robots":{"index":"index","follow":"follow","max-snippet":"max-snippet:-1","max-image-preview":"max-image-preview:large","max-video-preview":"max-video-preview:-1"},"canonical":"https:\/\/jaimegem.fr\/","og_locale":"fr_FR","og_type":"article","og_title":"Page d\u2019accueil - J&#039;aime Gem&#039;","og_description":"Des bijoux pour tous les go\u00fbts La gamme de produits comprend des bracelets de 19 \u00e0 21 cm de long sont \u00e9galement mont\u00e9s sur un \u00e9lastique. Les boucles d&rsquo;oreille sont r\u00e9alis\u00e9es sur une tige d&rsquo;argent (ou fil de nylon) avec 6 \u00e0 7 cm de pierres et anneau en argent de 1 \u00e0 1.5 cm. [&hellip;]","og_url":"https:\/\/jaimegem.fr\/","og_site_name":"J&#039;aime Gem&#039;","article_modified_time":"2023-09-10T20:07:28+00:00","og_image":[{"url":"http:\/\/jaimegem.fr\/wp-content\/uploads\/2023\/03\/noir-5.png"}],"twitter_card":"summary_large_image","twitter_misc":{"Dur\u00e9e de lecture estim\u00e9e":"4 minutes"},"schema":{"@context":"https:\/\/schema.org","@graph":[{"@type":"WebPage","@id":"https:\/\/jaimegem.fr\/","url":"https:\/\/jaimegem.fr\/","name":"Page d\u2019accueil - J&#039;aime Gem&#039;","isPartOf":{"@id":"https:\/\/jaimegem.fr\/#website"},"datePublished":"2023-01-18T17:33:12+00:00","dateModified":"2023-09-10T20:07:28+00:00","breadcrumb":{"@id":"https:\/\/jaimegem.fr\/#breadcrumb"},"inLanguage":"fr-FR","potentialAction":[{"@type":"ReadAction","target":["https:\/\/jaimegem.fr\/"]}]},{"@type":"BreadcrumbList","@id":"https:\/\/jaimegem.fr\/#breadcrumb","itemListElement":[{"@type":"ListItem","position":1,"name":"Accueil","item":"https:\/\/jaimegem.fr\/"},{"@type":"ListItem","position":2,"name":"Page d\u2019accueil"}]},{"@type":"WebSite","@id":"https:\/\/jaimegem.fr\/#website","url":"https:\/\/jaimegem.fr\/","name":"J&#039;aime Gem&#039;","description":"Par amour des pierres","publisher":{"@id":"https:\/\/jaimegem.fr\/#organization"},"potentialAction":[{"@type":"SearchAction","target":{"@type":"EntryPoint","urlTemplate":"https:\/\/jaimegem.fr\/?s={search_term_string}"},"query-input":"required name=search_term_string"}],"inLanguage":"fr-FR"},{"@type":"Organization","@id":"https:\/\/jaimegem.fr\/#organization","name":"J&#039;aime Gem&#039;","url":"https:\/\/jaimegem.fr\/","logo":{"@type":"ImageObject","inLanguage":"fr-FR","@id":"https:\/\/jaimegem.fr\/#\/schema\/logo\/image\/","url":"https:\/\/jaimegem.fr\/wp-content\/uploads\/2023\/04\/logo-jaimegem-header-2.png","contentUrl":"https:\/\/jaimegem.fr\/wp-content\/uploads\/2023\/04\/logo-jaimegem-header-2.png","width":500,"height":129,"caption":"J&#039;aime Gem&#039;"},"image":{"@id":"https:\/\/jaimegem.fr\/#\/schema\/logo\/image\/"}}]}},"_links":{"self":[{"href":"https:\/\/jaimegem.fr\/index.php?rest_route=\/wp\/v2\/pages\/79","targetHints":{"allow":["GET"]}}],"collection":[{"href":"https:\/\/jaimegem.fr\/index.php?rest_route=\/wp\/v2\/pages"}],"about":[{"href":"https:\/\/jaimegem.fr\/index.php?rest_route=\/wp\/v2\/types\/page"}],"author":[{"embeddable":true,"href":"https:\/\/jaimegem.fr\/index.php?rest_route=\/wp\/v2\/users\/1"}],"replies":[{"embeddable":true,"href":"https:\/\/jaimegem.fr\/index.php?rest_route=%2Fwp%2Fv2%2Fcomments&post=79"}],"version-history":[{"count":73,"href":"https:\/\/jaimegem.fr\/index.php?rest_route=\/wp\/v2\/pages\/79\/revisions"}],"predecessor-version":[{"id":856,"href":"https:\/\/jaimegem.fr\/index.php?rest_route=\/wp\/v2\/pages\/79\/revisions\/856"}],"wp:attachment":[{"href":"https:\/\/jaimegem.fr\/index.php?rest_route=%2Fwp%2Fv2%2Fmedia&parent=79"}],"curies":[{"name":"wp","href":"https:\/\/api.w.org\/{rel}","templated":true}]}}