{"id":777,"date":"2023-04-18T19:22:43","date_gmt":"2023-04-18T17:22:43","guid":{"rendered":"https:\/\/jaimegem.fr\/?post_type=product&#038;p=777"},"modified":"2023-04-20T18:16:47","modified_gmt":"2023-04-20T16:16:47","slug":"violettes-b-o","status":"publish","type":"product","link":"https:\/\/jaimegem.fr\/?product=violettes-b-o","title":{"rendered":"\u00ab\u00a0Violettes &#8211; B.O\u00a0\u00bb"},"content":{"rendered":"<p>Comme pour chaque boucles d&rsquo;oreille, l&rsquo;anneau est de 1.5cm. Le pendant est de 8cm.<\/p>\n","protected":false},"excerpt":{"rendered":"<p>Les pierres rondes ou facett\u00e9es de ce bijou sont\u00a0 le p\u00e9ridot, la citrine, le grenat, l&rsquo;am\u00e9thyste , \u00e0 nouveau le grenat et le p\u00e9ridot et la citrine suivis de perles facett\u00e9es en quartz rose, en am\u00e9thyste et termin\u00e9 d&rsquo;un c\u00f4ne en am\u00e9thyste.<\/p>\n","protected":false},"featured_media":778,"template":"","meta":[],"product_cat":[16],"product_tag":[],"class_list":{"0":"post-777","1":"product","2":"type-product","3":"status-publish","4":"has-post-thumbnail","6":"product_cat-boucles-doreille","8":"first","9":"instock","10":"taxable","11":"shipping-taxable","12":"purchasable","13":"product-type-simple"},"yoast_head":"<!-- This site is optimized with the Yoast SEO plugin v19.14 - https:\/\/yoast.com\/wordpress\/plugins\/seo\/ -->\n<title>&quot;Violettes - B.O&quot; - J&#039;aime Gem&#039;<\/title>\n<meta name=\"robots\" content=\"index, follow, max-snippet:-1, max-image-preview:large, max-video-preview:-1\" \/>\n<link rel=\"canonical\" href=\"http:\/\/jaimegem.fr\/?product=violettes-b-o\" \/>\n<meta property=\"og:locale\" content=\"fr_FR\" \/>\n<meta property=\"og:type\" content=\"article\" \/>\n<meta property=\"og:title\" content=\"&quot;Violettes - B.O&quot; - J&#039;aime Gem&#039;\" \/>\n<meta property=\"og:description\" content=\"Les pierres rondes ou facett\u00e9es de ce bijou sont\u00a0 le p\u00e9ridot, la citrine, le grenat, l&#039;am\u00e9thyste , \u00e0 nouveau le grenat et le p\u00e9ridot et la citrine suivis de perles facett\u00e9es en quartz rose, en am\u00e9thyste et termin\u00e9 d&#039;un c\u00f4ne en am\u00e9thyste.\" \/>\n<meta property=\"og:url\" content=\"http:\/\/jaimegem.fr\/?product=violettes-b-o\" \/>\n<meta property=\"og:site_name\" content=\"J&#039;aime Gem&#039;\" \/>\n<meta property=\"article:modified_time\" content=\"2023-04-20T16:16:47+00:00\" \/>\n<meta property=\"og:image\" content=\"http:\/\/jaimegem.fr\/wp-content\/uploads\/2023\/04\/20230409_105617-scaled.jpg\" \/>\n\t<meta property=\"og:image:width\" content=\"2560\" \/>\n\t<meta property=\"og:image:height\" content=\"1920\" \/>\n\t<meta property=\"og:image:type\" content=\"image\/jpeg\" \/>\n<meta name=\"twitter:card\" content=\"summary_large_image\" \/>\n<script type=\"application\/ld+json\" class=\"yoast-schema-graph\">{\"@context\":\"https:\/\/schema.org\",\"@graph\":[{\"@type\":\"WebPage\",\"@id\":\"http:\/\/jaimegem.fr\/?product=violettes-b-o\",\"url\":\"http:\/\/jaimegem.fr\/?product=violettes-b-o\",\"name\":\"\\\"Violettes - B.O\\\" - J&#039;aime Gem&#039;\",\"isPartOf\":{\"@id\":\"https:\/\/jaimegem.fr\/#website\"},\"datePublished\":\"2023-04-18T17:22:43+00:00\",\"dateModified\":\"2023-04-20T16:16:47+00:00\",\"breadcrumb\":{\"@id\":\"http:\/\/jaimegem.fr\/?product=violettes-b-o#breadcrumb\"},\"inLanguage\":\"fr-FR\",\"potentialAction\":[{\"@type\":\"ReadAction\",\"target\":[\"http:\/\/jaimegem.fr\/?product=violettes-b-o\"]}]},{\"@type\":\"BreadcrumbList\",\"@id\":\"http:\/\/jaimegem.fr\/?product=violettes-b-o#breadcrumb\",\"itemListElement\":[{\"@type\":\"ListItem\",\"position\":1,\"name\":\"Accueil\",\"item\":\"https:\/\/jaimegem.fr\/\"},{\"@type\":\"ListItem\",\"position\":2,\"name\":\"Boutique\",\"item\":\"https:\/\/jaimegem.fr\/?page_id=6\"},{\"@type\":\"ListItem\",\"position\":3,\"name\":\"\u00ab\u00a0Violettes &#8211; B.O\u00a0\u00bb\"}]},{\"@type\":\"WebSite\",\"@id\":\"https:\/\/jaimegem.fr\/#website\",\"url\":\"https:\/\/jaimegem.fr\/\",\"name\":\"J&#039;aime Gem&#039;\",\"description\":\"Par amour des pierres\",\"publisher\":{\"@id\":\"https:\/\/jaimegem.fr\/#organization\"},\"potentialAction\":[{\"@type\":\"SearchAction\",\"target\":{\"@type\":\"EntryPoint\",\"urlTemplate\":\"https:\/\/jaimegem.fr\/?s={search_term_string}\"},\"query-input\":\"required name=search_term_string\"}],\"inLanguage\":\"fr-FR\"},{\"@type\":\"Organization\",\"@id\":\"https:\/\/jaimegem.fr\/#organization\",\"name\":\"J&#039;aime Gem&#039;\",\"url\":\"https:\/\/jaimegem.fr\/\",\"logo\":{\"@type\":\"ImageObject\",\"inLanguage\":\"fr-FR\",\"@id\":\"https:\/\/jaimegem.fr\/#\/schema\/logo\/image\/\",\"url\":\"https:\/\/jaimegem.fr\/wp-content\/uploads\/2023\/04\/logo-jaimegem-header-2.png\",\"contentUrl\":\"https:\/\/jaimegem.fr\/wp-content\/uploads\/2023\/04\/logo-jaimegem-header-2.png\",\"width\":500,\"height\":129,\"caption\":\"J&#039;aime Gem&#039;\"},\"image\":{\"@id\":\"https:\/\/jaimegem.fr\/#\/schema\/logo\/image\/\"}}]}<\/script>\n<!-- \/ Yoast SEO plugin. -->","yoast_head_json":{"title":"\"Violettes - B.O\" - J&#039;aime Gem&#039;","robots":{"index":"index","follow":"follow","max-snippet":"max-snippet:-1","max-image-preview":"max-image-preview:large","max-video-preview":"max-video-preview:-1"},"canonical":"http:\/\/jaimegem.fr\/?product=violettes-b-o","og_locale":"fr_FR","og_type":"article","og_title":"\"Violettes - B.O\" - J&#039;aime Gem&#039;","og_description":"Les pierres rondes ou facett\u00e9es de ce bijou sont\u00a0 le p\u00e9ridot, la citrine, le grenat, l'am\u00e9thyste , \u00e0 nouveau le grenat et le p\u00e9ridot et la citrine suivis de perles facett\u00e9es en quartz rose, en am\u00e9thyste et termin\u00e9 d'un c\u00f4ne en am\u00e9thyste.","og_url":"http:\/\/jaimegem.fr\/?product=violettes-b-o","og_site_name":"J&#039;aime Gem&#039;","article_modified_time":"2023-04-20T16:16:47+00:00","og_image":[{"width":2560,"height":1920,"url":"http:\/\/jaimegem.fr\/wp-content\/uploads\/2023\/04\/20230409_105617-scaled.jpg","type":"image\/jpeg"}],"twitter_card":"summary_large_image","schema":{"@context":"https:\/\/schema.org","@graph":[{"@type":"WebPage","@id":"http:\/\/jaimegem.fr\/?product=violettes-b-o","url":"http:\/\/jaimegem.fr\/?product=violettes-b-o","name":"\"Violettes - B.O\" - J&#039;aime Gem&#039;","isPartOf":{"@id":"https:\/\/jaimegem.fr\/#website"},"datePublished":"2023-04-18T17:22:43+00:00","dateModified":"2023-04-20T16:16:47+00:00","breadcrumb":{"@id":"http:\/\/jaimegem.fr\/?product=violettes-b-o#breadcrumb"},"inLanguage":"fr-FR","potentialAction":[{"@type":"ReadAction","target":["http:\/\/jaimegem.fr\/?product=violettes-b-o"]}]},{"@type":"BreadcrumbList","@id":"http:\/\/jaimegem.fr\/?product=violettes-b-o#breadcrumb","itemListElement":[{"@type":"ListItem","position":1,"name":"Accueil","item":"https:\/\/jaimegem.fr\/"},{"@type":"ListItem","position":2,"name":"Boutique","item":"https:\/\/jaimegem.fr\/?page_id=6"},{"@type":"ListItem","position":3,"name":"\u00ab\u00a0Violettes &#8211; B.O\u00a0\u00bb"}]},{"@type":"WebSite","@id":"https:\/\/jaimegem.fr\/#website","url":"https:\/\/jaimegem.fr\/","name":"J&#039;aime Gem&#039;","description":"Par amour des pierres","publisher":{"@id":"https:\/\/jaimegem.fr\/#organization"},"potentialAction":[{"@type":"SearchAction","target":{"@type":"EntryPoint","urlTemplate":"https:\/\/jaimegem.fr\/?s={search_term_string}"},"query-input":"required name=search_term_string"}],"inLanguage":"fr-FR"},{"@type":"Organization","@id":"https:\/\/jaimegem.fr\/#organization","name":"J&#039;aime Gem&#039;","url":"https:\/\/jaimegem.fr\/","logo":{"@type":"ImageObject","inLanguage":"fr-FR","@id":"https:\/\/jaimegem.fr\/#\/schema\/logo\/image\/","url":"https:\/\/jaimegem.fr\/wp-content\/uploads\/2023\/04\/logo-jaimegem-header-2.png","contentUrl":"https:\/\/jaimegem.fr\/wp-content\/uploads\/2023\/04\/logo-jaimegem-header-2.png","width":500,"height":129,"caption":"J&#039;aime Gem&#039;"},"image":{"@id":"https:\/\/jaimegem.fr\/#\/schema\/logo\/image\/"}}]}},"_links":{"self":[{"href":"https:\/\/jaimegem.fr\/index.php?rest_route=\/wp\/v2\/product\/777","targetHints":{"allow":["GET"]}}],"collection":[{"href":"https:\/\/jaimegem.fr\/index.php?rest_route=\/wp\/v2\/product"}],"about":[{"href":"https:\/\/jaimegem.fr\/index.php?rest_route=\/wp\/v2\/types\/product"}],"wp:featuredmedia":[{"embeddable":true,"href":"https:\/\/jaimegem.fr\/index.php?rest_route=\/wp\/v2\/media\/778"}],"wp:attachment":[{"href":"https:\/\/jaimegem.fr\/index.php?rest_route=%2Fwp%2Fv2%2Fmedia&parent=777"}],"wp:term":[{"taxonomy":"product_cat","embeddable":true,"href":"https:\/\/jaimegem.fr\/index.php?rest_route=%2Fwp%2Fv2%2Fproduct_cat&post=777"},{"taxonomy":"product_tag","embeddable":true,"href":"https:\/\/jaimegem.fr\/index.php?rest_route=%2Fwp%2Fv2%2Fproduct_tag&post=777"}],"curies":[{"name":"wp","href":"https:\/\/api.w.org\/{rel}","templated":true}]}}